{"id":701,"date":"2013-11-01T12:55:54","date_gmt":"2013-11-01T10:55:54","guid":{"rendered":"http:\/\/halloween-haus.de\/?page_id=701"},"modified":"2015-07-15T23:24:14","modified_gmt":"2015-07-15T21:24:14","slug":"impressum","status":"publish","type":"page","link":"http:\/\/halloween-haus.de\/?page_id=701","title":{"rendered":"Impressum"},"content":{"rendered":"<p><strong>Impressum<\/strong><br \/>\nBetreiber der Homepage: Andreas Kr\u00e4mer<br \/>\nE-Mail: info @ exotier. de<br \/>\nHomepage: http:\/\/www.Halloween-haus.de<\/p>\n<p>Adresse: Mozartstr.16 \/ 59077 Hamm<br \/>\nWebdesign, Bilder und Umsetzung: Andreas Kr\u00e4mer<br \/>\nCopyright: Die von http:\/\/www.Halloween-haus.de zug\u00e4nglich gemachten<br \/>\nText-, Bild-, Ton- und Video-Materialien sowie Programme sind urheberrechtlich gesch\u00fctzt.<br \/>\nAlle Rechte vorbehalten. Vervielf\u00e4ltigung nur mit Genehmigung.<\/p>\n<p>Haftungsausschluss:<br \/>\nIch weise ausdr\u00fccklich darauf hin, dass ich keinerlei Haftung f\u00fcr Sch\u00e4den jedweder Art \u00fcbernehme, die auf die Verwendung von http:\/\/www.Halloween-haus.de oder Links zur\u00fcckzuf\u00fchren sind.<br \/>\nGleiches gilt f\u00fcr Eintr\u00e4ge, die gegen geltendes Recht versto\u00dfen.<\/p>\n","protected":false},"excerpt":{"rendered":"<p>Impressum Betreiber der Homepage: Andreas Kr\u00e4mer E-Mail: info @ exotier. de Homepage: http:\/\/www.Halloween-haus.de Adresse: Mozartstr.16 \/ 59077 Hamm Webdesign, Bilder und Umsetzung: Andreas Kr\u00e4mer Copyright: Die von http:\/\/www.Halloween-haus.de zug\u00e4nglich gemachten Text-, Bild-, Ton- und Video-Materialien sowie Programme sind urheberrechtlich gesch\u00fctzt. Alle Rechte vorbehalten. Vervielf\u00e4ltigung nur mit Genehmigung. Haftungsausschluss: Ich weise ausdr\u00fccklich darauf hin, dass ich &hellip; <a href=\"http:\/\/halloween-haus.de\/?page_id=701\" class=\"more-link\"><span class=\"screen-reader-text\">Impressum<\/span> weiterlesen <span class=\"meta-nav\">&rarr;<\/span><\/a><\/p>\n","protected":false},"author":1,"featured_media":0,"parent":0,"menu_order":0,"comment_status":"closed","ping_status":"closed","template":"","meta":[],"_links":{"self":[{"href":"http:\/\/halloween-haus.de\/index.php?rest_route=\/wp\/v2\/pages\/701"}],"collection":[{"href":"http:\/\/halloween-haus.de\/index.php?rest_route=\/wp\/v2\/pages"}],"about":[{"href":"http:\/\/halloween-haus.de\/index.php?rest_route=\/wp\/v2\/types\/page"}],"author":[{"embeddable":true,"href":"http:\/\/halloween-haus.de\/index.php?rest_route=\/wp\/v2\/users\/1"}],"replies":[{"embeddable":true,"href":"http:\/\/halloween-haus.de\/index.php?rest_route=%2Fwp%2Fv2%2Fcomments&post=701"}],"version-history":[{"count":8,"href":"http:\/\/halloween-haus.de\/index.php?rest_route=\/wp\/v2\/pages\/701\/revisions"}],"predecessor-version":[{"id":781,"href":"http:\/\/halloween-haus.de\/index.php?rest_route=\/wp\/v2\/pages\/701\/revisions\/781"}],"wp:attachment":[{"href":"http:\/\/halloween-haus.de\/index.php?rest_route=%2Fwp%2Fv2%2Fmedia&parent=701"}],"curies":[{"name":"wp","href":"https:\/\/api.w.org\/{rel}","templated":true}]}}